{"id":5,"date":"2022-06-05T17:26:55","date_gmt":"2022-06-05T17:26:55","guid":{"rendered":"https:\/\/juditglass.com\/?page_id=5"},"modified":"2023-08-02T14:30:24","modified_gmt":"2023-08-02T14:30:24","slug":"uvegekszer_keszites","status":"publish","type":"page","link":"https:\/\/judit-art.hu\/de\/uvegekszer_keszites\/","title":{"rendered":"Glas an der Flamme bearbeiten"},"content":{"rendered":"<p> Es gibt keine M\u00f6glichkeit, das Alter der Flammenbearbeitung genau festzustellen, da viele der Techniken, die mit der Bearbeitung von Glas an einer Flamme verbunden sind. Tats\u00e4chlich viele tausend Jahre lang verwendet wurden, bevor die erste Lampe oder der erste Brenner erfunden wurde.<\/p>\n\n\n\n<p>Wir wissen, dass die \u00c4gypter in der Antike auch Glasschmuck, auch Glasperlen, herstellten und  es wurde als wertvolles Artikel hoch gesch\u00e4tzt. <\/p>\n\n\n\n<p>Die Menschen m\u00f6gen die Glasschmuck bis heute. Es gl\u00e4nzt faszinierend, es ist kalt aber wird mit sehr heissen Flame bearbeitet und verursacht kein Allergie.<\/p>\n\n\n\n<p>Heute befindet sich das vielleicht bekannteste Zentrum der Glasherstellung in Europa in Murano.  Seit XII Jahrhundert gibt schon in Murano Glasherstellung und Glaskunst. Die Wissen war geheim. Den gut bezahlten Glasbl\u00e4ser&nbsp;war es unter Androhung der Todesstrafe verboten, ihr Wissen weiterzugeben.<\/p>\n\n\n\n<p>Dieses Geheimnis wird heute nicht mehr so \u200b\u200bstreng geh\u00fctet. Man kann in Murano die kleine Werkst\u00e4tte besuchen und die Produktion anschauen. <\/p>\n\n\n\n<p>Dadurch kann man auch die Techniken kennenlernen und \u00fcbernehmen.  Es gibt schon in vielle Orte in Europa, wo Glas an der Flamme bearbeitet wird.<\/p>\n\n\n\n<p>Das Arbeiten mit der Flamme erfordert definitiv Geschicklichkeit, aber es erfordert viel \u00dcbung.<\/p>\n\n\n\n<p>Die Flamme, an der wir arbeiten, hat zirka 1000-1300 Grad. Wir schmelzen  farbige Glasst\u00e4be und wir formen sie mit Werkzeuge. <\/p>\n\n\n\n<p>Das fertige Schmuckst\u00fcck darf nicht schnell abk\u00fchlen, deshalb legen wir es in einen 500 Grad Celsius hei\u00dfen Ofen. Danach lassen wir es zirka 5-6 Stunden lang auf Raumtemperatur abk\u00fchlen.<\/p>\n\n\n\n<p>Aus dem Gesagten ist ersichtlich, dass relativ teure Werkzeuge und Ausr\u00fcstung ben\u00f6tigt werden, um das Glas zu formen. Sie finden sie alle in meinem Studio und k\u00f6nnen sie w\u00e4hrend der Kurse unter meiner Aufsicht benutzen.<\/p>","protected":false},"excerpt":{"rendered":"<p>Es gibt keine M\u00f6glichkeit, das Alter der Flammenbearbeitung genau festzustellen, da viele der Techniken, die mit der Bearbeitung von Glas an einer Flamme verbunden sind. Tats\u00e4chlich viele tausend Jahre lang verwendet wurden, bevor die erste Lampe oder der erste Brenner erfunden wurde. Wir wissen, dass die \u00c4gypter in der Antike auch Glasschmuck, auch Glasperlen, herstellten &hellip; <\/p>\n<p class=\"link-more\"><a href=\"https:\/\/judit-art.hu\/de\/uvegekszer_keszites\/\" class=\"more-link\"><span class=\"screen-reader-text\">\u201eGlas an der Flamme bearbeiten\u201c<\/span> weiterlesen<\/a><\/p>","protected":false},"author":1,"featured_media":1640,"parent":0,"menu_order":0,"comment_status":"closed","ping_status":"closed","template":"","meta":{"_mi_skip_tracking":false,"_monsterinsights_sitenote_active":false,"_monsterinsights_sitenote_note":"","_monsterinsights_sitenote_category":0,"footnotes":""},"class_list":["post-5","page","type-page","status-publish","has-post-thumbnail","hentry"],"aioseo_notices":[],"jetpack_sharing_enabled":true,"_links":{"self":[{"href":"https:\/\/judit-art.hu\/de\/wp-json\/wp\/v2\/pages\/5","targetHints":{"allow":["GET"]}}],"collection":[{"href":"https:\/\/judit-art.hu\/de\/wp-json\/wp\/v2\/pages"}],"about":[{"href":"https:\/\/judit-art.hu\/de\/wp-json\/wp\/v2\/types\/page"}],"author":[{"embeddable":true,"href":"https:\/\/judit-art.hu\/de\/wp-json\/wp\/v2\/users\/1"}],"replies":[{"embeddable":true,"href":"https:\/\/judit-art.hu\/de\/wp-json\/wp\/v2\/comments?post=5"}],"version-history":[{"count":32,"href":"https:\/\/judit-art.hu\/de\/wp-json\/wp\/v2\/pages\/5\/revisions"}],"predecessor-version":[{"id":1238,"href":"https:\/\/judit-art.hu\/de\/wp-json\/wp\/v2\/pages\/5\/revisions\/1238"}],"wp:featuredmedia":[{"embeddable":true,"href":"https:\/\/judit-art.hu\/de\/wp-json\/wp\/v2\/media\/1640"}],"wp:attachment":[{"href":"https:\/\/judit-art.hu\/de\/wp-json\/wp\/v2\/media?parent=5"}],"curies":[{"name":"wp","href":"https:\/\/api.w.org\/{rel}","templated":true}]}}

<p> Es gibt keine Möglichkeit, das Alter der Flammenbearbeitung genau festzustellen, da viele der Techniken, die mit der Bearbeitung von Glas an einer Flamme verbunden sind. Tatsächlich viele tausend Jahre lang verwendet wurden, bevor die erste Lampe oder der erste Brenner erfunden wurde.</p>



<p>Wir wissen, dass die Ägypter in der Antike auch Glasschmuck, auch Glasperlen, herstellten und  es wurde als wertvolles Artikel hoch geschätzt. </p>



<p>Die Menschen mögen die Glasschmuck bis heute. Es glänzt faszinierend, es ist kalt aber wird mit sehr heissen Flame bearbeitet und verursacht kein Allergie.</p>



<p>Heute befindet sich das vielleicht bekannteste Zentrum der Glasherstellung in Europa in Murano.  Seit XII Jahrhundert gibt schon in Murano Glasherstellung und Glaskunst. Die Wissen war geheim. Den gut bezahlten Glasbläser&nbsp;war es unter Androhung der Todesstrafe verboten, ihr Wissen weiterzugeben.</p>



<p>Dieses Geheimnis wird heute nicht mehr so ​​streng gehütet. Man kann in Murano die kleine Werkstätte besuchen und die Produktion anschauen. </p>



<p>Dadurch kann man auch die Techniken kennenlernen und übernehmen.  Es gibt schon in vielle Orte in Europa, wo Glas an der Flamme bearbeitet wird.</p>



<p>Das Arbeiten mit der Flamme erfordert definitiv Geschicklichkeit, aber es erfordert viel Übung.</p>



<p>Die Flamme, an der wir arbeiten, hat zirka 1000-1300 Grad. Wir schmelzen  farbige Glasstäbe und wir formen sie mit Werkzeuge. </p>



<p>Das fertige Schmuckstück darf nicht schnell abkühlen, deshalb legen wir es in einen 500 Grad Celsius heißen Ofen. Danach lassen wir es zirka 5-6 Stunden lang auf Raumtemperatur abkühlen.</p>



<p>Aus dem Gesagten ist ersichtlich, dass relativ teure Werkzeuge und Ausrüstung benötigt werden, um das Glas zu formen. Sie finden sie alle in meinem Studio und können sie während der Kurse unter meiner Aufsicht benutzen.</p>

<p>Es gibt keine Möglichkeit, das Alter der Flammenbearbeitung genau festzustellen, da viele der Techniken, die mit der Bearbeitung von Glas an einer Flamme verbunden sind. Tatsächlich viele tausend Jahre lang verwendet wurden, bevor die erste Lampe oder der erste Brenner erfunden wurde. Wir wissen, dass die Ägypter in der Antike auch Glasschmuck, auch Glasperlen, herstellten &hellip; </p>
<p class="link-more"><a href="https://judit-art.hu/de/uvegekszer_keszites/" class="more-link"><span class="screen-reader-text">„Glas an der Flamme bearbeiten“</span> weiterlesen</a></p>
